 prime number?
False
Is 135811799 a prime number?
False
Is 5165247 prime?
False
Is 2907467 prime?
False
Is 601109 a composite number?
True
Is 144568367 prime?
True
Is 27381905 prime?
False
Is 11366171 prime?
True
Is 517453 a composite number?
True
Is 439477617 a composite number?
True
Is 2035127 a composite number?
False
Is 35986597 prime?
True
Is 277411 composite?
False
Is 4346521 prime?
True
Is 6051799 prime?
False
Is 2845253 a composite number?
True
Is 5744197 prime?
True
Is 23874643 prime?
False
Is 1562159 a prime number?
True
Is 22162043 a composite number?
False
Is 3699715 a composite number?
True
Is 1715261 a composite number?
True
Is 3617843 composite?
False
Is 1558979 a composite number?
False
Is 98449171 a composite number?
True
Is 518538959 a composite number?
False
Is 1595537 a prime number?
False
Is 35132899 a prime number?
False
Is 12789289 a prime number?
True
Is 2133251 a composite number?
False
Is 420671 composite?
False
Is 30322483 a prime number?
False
Is 45460147 composite?
False
Is 57909299 composite?
True
Is 2196701 composite?
True
Is 34782301 a composite number?
True
Is 173657599 a prime number?
True
Is 2287541 a prime number?
False
Is 4458478 composite?
True
Is 384325195 a composite number?
True
Is 174935207 composite?
False
Is 13240021 a composite number?
False
Is 108999703 prime?
True
Is 24125105 a composite number?
True
Is 10179877 a composite number?
True
Is 591667 a composite number?
True
Is 124003735 a prime number?
False
Is 177969394 composite?
True
Is 82038729 a composite number?
True
Is 16732745 prime?
False
Is 9195253 a composite number?
False
Is 211693303 composite?
False
Is 969890807 a prime number?
True
Is 5972107 a composite number?
False
Is 6529759 prime?
False
Is 3753213 prime?
False
Is 334904381 a prime number?
False
Is 3014619 composite?
True
Is 74870489 a composite number?
True
Is 433403 a composite number?
True
Is 7749661 a prime number?
True
Is 25758721 a prime number?
True
Is 145272019 composite?
False
Is 73277 a composite number?
False
Is 886373 prime?
False
Is 2437447 a prime number?
False
Is 2402629 composite?
True
Is 7691011 prime?
False
Is 12394561 prime?
True
Is 4501063 a composite number?
True
Is 119732507 a prime number?
True
Is 173289361 a prime number?
False
Is 585049 a prime number?
True
Is 1565413 prime?
True
Is 146147 a prime number?
False
Is 90818135 prime?
False
Is 35819419 prime?
True
Is 31663591 composite?
False
Is 290053 prime?
False
Is 73197589 a prime number?
True
Is 66594529 a composite number?
False
Is 51280921 prime?
True
Is 67044077 composite?
False
Is 281030389 prime?
False
Is 7668703 composite?
True
Is 42984509 composite?
True
Is 1403009 prime?
True
Is 535012817 a composite number?
False
Is 15078227 composite?
False
Is 11076389 composite?
False
Is 337177961 prime?
False
Is 34872707 a prime number?
False
Is 5329319 composite?
False
Is 38446883 a composite number?
False
Is 15987343 a composite number?
False
Is 247243783 prime?
False
Is 4597955 a prime number?
False
Is 1113094451 a composite number?
True
Is 38932081 prime?
True
Is 3754987 prime?
False
Is 5959813 a composite number?
False
Is 713787029 a prime number?
True
Is 14114431 prime?
True
Is 1432477 composite?
True
Is 4556557 a prime number?
True
Is 98328199 a composite number?
False
Is 1486393 composite?
True
Is 487741 prime?
True
Is 518265719 prime?
False
Is 304926769 composite?
True
Is 2985733 a prime number?
True
Is 26782003 prime?
True
Is 15608807 composite?
True
Is 55615499 prime?
False
Is 960017 composite?
False
Is 36226513 prime?
True
Is 14461721 composite?
True
Is 13851371 composite?
True
Is 5274343 composite?
True
Is 707237105 composite?
True
Is 753429 prime?
False
Is 55293889 composite?
True
Is 927249443 prime?
True
Is 91774391 a composite number?
True
Is 72100727 a composite number?
False
Is 4585718 composite?
True
Is 5399131 prime?
True
Is 36666607 a prime number?
True
Is 27660263 a prime number?
True
Is 416947 composite?
False
Is 20697197 a prime number?
False
Is 12318337 composite?
True
Is 21853901 prime?
False
Is 266573 composite?
True
Is 1352069 a composite number?
False
Is 4936729 a composite number?
True
Is 111722767 prime?
False
Is 123517519 prime?
True
Is 38907886 composite?
True
Is 114441133 a composite number?
False
Is 54508451 a composite number?
False
Is 8963161 composite?
False
Is 1324649 prime?
True
Is 178116243 prime?
False
Is 41967623 composite?
False
Is 232739869 composite?
False
Is 35743969 prime?
False
Is 309490859 a prime number?
False
Is 315560857 prime?
False
Is 1492045 a prime number?
False
Is 12368369 a prime number?
False
Is 11979523 composite?
True
Is 744929 a composite number?
True
Is 102881047 prime?
False
Is 13345219 a composite number?
True
Is 30168403 composite?
True
Is 452012921 prime?
True
Is 79447931 prime?
True
Is 5808089 a prime number?
False
Is 4793717 a prime number?
False
Is 63442343 a prime number?
False
Is 20436599 prime?
False
Is 13284749 a prime number?
False
Is 27760483 prime?
True
Is 68674651 a prime number?
True
Is 30056599 a composite number?
False
Is 10400891 a prime number?
True
Is 19372433 composite?
False
Is 250147 a composite number?
False
Is 9880093 composite?
False
Is 808759461 a prime number?
False
Is 3403691 composite?
True
Is 4274503 a prime number?
False
Is 12157429 prime?
True
Is 7251193 composite?
True
Is 75487673 prime?
False
Is 4177051 a composite number?
False
Is 566481149 prime?
False
Is 20508643 a composite number?
False
Is 265477 prime?
False
Is 36962102 composite?
True
Is 63865931 prime?
True
Is 2380843 a composite number?
True
Is 25978621 composite?
False
Is 4282541 prime?
False
Is 809087 a composite number?
False
Is 25542151 a composite number?
True
Is 808150069 composite?
False
Is 2971077 composite?
True
Is 4262969 prime?
True
Is 6742877 prime?
False
Is 834352781 a prime number?
False
Is 8766145 prime?
False
Is 14772059 a composite number?
False
Is 2897689 a prime number?
True
Is 225683 a composite number?
False
Is 239067951 composite?
True
Is 120221 prime?
False
Is 3129391 prime?
True
Is 241951903 composite?
False
Is 38740181 a prime number?
False
Is 93745963 a prime number?
True
Is 20789 composite?
False
Is 72388969 a composite number?
False
Is 11618027 a prime number?
False
Is 2739871 composite?
False
Is 69080981 composite?
True
Is 23787091 a composite number?
False
Is 85034249 a composite number?
True
Is 3570787 a composite number?
True
Is 124800779 prime?
True
Is 17880619 composite?
True
Is 154453735 a prime number?
False
Is 19398923 a composite number?
False
Is 175202749 prime?
True
Is 7242409 a composite number?
False
Is 10036127 a prime number?
True
Is 44714311 composite?
True
Is 74549507 composite?
False
Is 1198499 prime?
False
Is 46827937 a composite number?
True
Is 46371593 a prime number?
True
Is 37333169 a composite number?
False
Is 7301171 a prime number?
False
Is 2909227 prime?
False
Is 24737 a prime number?
False
Is 287062429 composite?
False
Is 2130229 prime?
False
Is 45956641 a composite number?
True
Is 38190563 a composite number?
False
Is 21561019 prime?
False
Is 159831319 a prime number?
False
Is 100958573 prime?
True
Is 126284101 a composite number?
True
Is 1770679 a prime number?
True
Is 43644721 prime?
True
Is 42210373 composite?
False
Is 25781117 prime?
True
Is 1682797 composite?
True
Is 1873987 prime?
False
Is 1770559 prime?
False
Is 9495613 composite?
False
Is 729527 a prime number?
True
Is 856405087 a prime number?
True
Is 3102583 composite?
True
Is 881828983 a composite number?
True
Is 490340693 composite?
True
Is 15331711 composite?
False
Is 99988289 composite?
False
Is 60634709 a composite number?
False
Is 24306557 a prime number?
False
Is 2183833 a prime number?
True
Is 4814617 a prime number?
True
Is 79806757 a prime number?
False
Is 8429381 a prime number?
False
Is 32043491 composite?
True
Is 63793259 a prime number?
True
Is 980891 a prime number?
False
Is 35741677 a prime number?
False
Is 129958439 composite?
True
Is 7616509 prime?
True
Is 3660673 composite?
True
Is 236674871 composite?
False
Is 48867713 a prime number?
False
Is 110508439 a composite number?
True
Is 3283513 prime?
False
Is 571903 composite?
False
Is 1227983771 composite?
True
Is 142462613 a prime number?
True
Is 4300831 a prime numb